t of 121206?
0
What is the ten thousands digit of 144899?
4
What is the ten thousands digit of 1743140?
4
What is the ten thousands digit of 489157?
8
What is the hundred thousands digit of 334042?
3
What is the hundreds digit of 5031357?
3
What is the hundreds digit of 683912?
9
What is the units digit of 79104?
4
What is the units digit of 901378?
8
What is the thousands digit of 1707136?
7
What is the hundreds digit of 234454?
4
What is the hundreds digit of 145396?
3
What is the units digit of 229221?
1
What is the ten thousands digit of 292374?
9
What is the units digit of 1233057?
7
What is the tens digit of 106934?
3
What is the tens digit of 270792?
9
What is the thousands digit of 6791970?
1
What is the hundred thousands digit of 222935?
2
What is the ten thousands digit of 4257577?
5
What is the hundreds digit of 4402634?
6
What is the tens digit of 887787?
8
What is the thousands digit of 3517458?
7
What is the tens digit of 1150359?
5
What is the hundreds digit of 509842?
8
What is the thousands digit of 3830924?
0
What is the units digit of 1310562?
2
What is the units digit of 4443646?
6
What is the millions digit of 14217983?
4
What is the units digit of 176652?
2
What is the hundreds digit of 166639?
6
What is the hundreds digit of 7386519?
5
What is the tens digit of 27881?
8
What is the units digit of 7970?
0
What is the tens digit of 56193?
9
What is the millions digit of 22504047?
2
What is the thousands digit of 202909?
2
What is the units digit of 2227767?
7
What is the thousands digit of 1596043?
6
What is the units digit of 142137?
7
What is the tens digit of 555979?
7
What is the tens digit of 4260412?
1
What is the tens digit of 4460961?
6
What is the ten thousands digit of 848866?
4
What is the hundreds digit of 1767597?
5
What is the thousands digit of 375254?
5
What is the hundreds digit of 291080?
0
What is the millions digit of 28298632?
8
What is the ten thousands digit of 500561?
0
What is the hundred thousands digit of 2172117?
1
What is the thousands digit of 223176?
3
What is the thousands digit of 7017067?
7
What is the tens digit of 194828?
2
What is the tens digit of 6590675?
7
What is the units digit of 703358?
8
What is the ten thousands digit of 972555?
7
What is the hundreds digit of 3777527?
5
What is the hundreds digit of 34654858?
8
What is the millions digit of 8878237?
8
What is the hundreds digit of 8054424?
4
What is the tens digit of 1115277?
7
What is the units digit of 944346?
6
What is the hundred thousands digit of 122832?
1
What is the thousands digit of 628655?
8
What is the ten thousands digit of 455361?
5
What is the tens digit of 1099344?
4
What is the millions digit of 2467654?
2
What is the millions digit of 1514967?
1
What is the thousands digit of 648213?
8
What is the hundred thousands digit of 217449?
2
What is the units digit of 65352?
2
What is the ten thousands digit of 12975085?
7
What is the units digit of 370640?
0
What is the thousands digit of 380405?
0
What is the ten thousands digit of 1015888?
1
What is the hundred thousands digit of 220502?
2
What is the units digit of 1171676?
6
What is the ten thousands digit of 4160062?
6
What is the hundreds digit of 532410?
4
What is the hundred thousands digit of 8760880?
7
What is the hundred thousands digit of 300051?
3
What is the millions digit of 14994380?
4
What is the ten thousands digit of 540483?
4
What is the tens digit of 8681878?
7
What is the ten thousands digit of 11481747?
8
What is the thousands digit of 5412197?
2
What is the tens digit of 174898?
9
What is the hundreds digit of 1360431?
4
What is the units digit of 11217188?
8
What is the hundred thousands digit of 20202650?
2
What is the ten thousands digit of 255909?
5
What is the hundreds digit of 1986724?
7
What is the hundred thousands digit of 151895?
1
What is the ten thousands digit of 742141?
4
What is the hundred thousands digit of 700547?
7
What is the units digit of 330203?
3
What is the tens digit of 9687361?
6
What is the thousands digit of 480933?
0
What is the ten millions digit of 15193149?
1
What is the hundreds digit of 296103?
1
What is the tens digit of 554977?
7
What is the ten thousands digit of 31224?
3
What is the hundred thousands digit of 430693?
4
What is the units digit of 15121653?
3
What is the hundred thousands digit of 838200?
8
What is the ten thousands digit of 3128172?
2
What is the thousands digit of 198013?
8
What is the thousands digit of 1513257?
3
What is the ten thousands digit of 703705?
0
What is the tens digit of 301860?
6
What is the thousands digit of 2727422?
7
What is the hundred thousands digit of 206151?
2
What is the units digit of 3638722?
2
What is the hundreds digit of 609820?
8
What is the thousands digit of 237673?
7
What is the hundreds digit of 4242826?
8
What is the units digit of 2775355?
5
What is the hundreds digit of 3097673?
6
What is the tens digit of 2839941?
4
What is the tens digit of 343159?
5
What is the ten thousands digit of 39871?
3
What is the ten thousands digit of 9369927?
6
What is the thousands digit of 601368?
1
What is the tens digit of 1298637?
3
What is the ten thousands digit of 624410?
2
What is the thousands digit of 316019?
6
What is the thousands digit of 874612?
4
What is the ten thousands digit of 1304513?
0
What is the ten thousands digit of 3204328?
0
What is the ten thousands digit of 116623?
1
What is the hundreds digit of 4762588?
5
What is the units digit of 573721?
1
What is the hundreds digit of 6807?
8
What is the tens digit of 754282?
8
What is the tens digit of 13017?
1
What is the tens digit of 364654?
5
What is the units digit of 3661638?
8
What is the hundred thousands digit of 1670441?
6
What is the hundreds digit of 4779321?
3
What is the units digit of 481611?
1
What is the tens digit of 6588643?
4
What is the tens digit of 10162302?
0
What is the ten thousands digit of 106466?
0
What is the hundreds digit of 232985?
9
What is the hundred thousands digit of 272773?
2
What is the tens digit of 14212285?
8
What is the hundred thousands digit of 7899161?
8
What is the tens digit of 1447768?
6
What is the thousands digit of 333901?
3
What is the units digit of 11083776?
6
What is the hundreds digit of 3104528?
5
What is the units digit of 798905?
5
What is the hundreds digit of 3408813?
8
What is the hundred thousands digit of 176298?
1
What is the ten thousands digit of 3439932?
3
What is the hundreds digit of 613222?
2
What is the hundred thousands digit of 927959?
9
What is the tens digit of 630277?
7
What is the hundreds digit of 1053769?
7
What is the ten thousands digit of 248235?
4
What is the millions digit of 1363221?
1
What is the tens digit of 4854580?
8
What is the millions digit of 5557406?
5
What is the hundred thousands digit of 1324261?
3
What is the hundred thousands digit of 935002?
9
What is the thousands digit of 3042259?
2
What is the tens digit of 954934?
3
What is the ten millions digit of 36133872?
3
What is the units digit of 3797237?
7
What is the tens digit of 334559?
5
What is the thousands digit of 426004?
6
What is the units digit of 765328?
8
What is the units digit of 398994?
4
What is the hundred thousands digit of 409378?
4
What is the hundreds digit of 206767?
7
What is the hundreds digit of 718427?
4
What is the tens digit of 20948391?
9
What is the ten thousands digit of 6464143?
6
What is the hundred thousands digit of 3802652?
8
What is the hundreds digit of 18364178?
1
What is the units digit of 2323070?
0
What is the millions digit of 17816943?
7
What is the hundreds digit of 51000?
0
What is the hundred thousands digit of 4854588?
8
What is the hundred thousands digit of 908664?
9
What is the tens digit of 260460?
6
What is the thousands digit of 3764843?
4
What is the thousands digit of 26941472?
1
What is the tens digit of 836519?
1
What is the hundred thousands digit of 12054051?
0
What is the ten thousands digit of 1103030?
0
What is the tens digit of 719193?
9
What is the thousands digit of 45722?
5
What is the hundreds digit of 11954230?
2
What is the tens digit of 547561?
6
What is the units digit of 391281?
1
What is the thousands digit of 178224?
8
What is the units digit of 1494917?
7
What is the ten th